t are the prime factors of (7 - 9)*(-48 - -1)?
2, 47
Let r(j) = j**2 - 4. Let l be (-4)/(-8) - (-10)/4. List the prime factors of r(l).
5
Let v(b) = 0*b - 2*b**2 + 0*b + 5 - 3*b. Let r be v(-4). List the prime factors of ((-8)/(-10))/((-6)/r).
2
Suppose -5*l + 94 = -2*g + 6*g, 4*g - 82 = l. List the prime factors of g.
3, 7
Suppose -o + 11 = -2*t, 5*o - 9 = -3*t + 7. What are the prime factors of o?
5
Suppose v = -2*j + 41, -7*j = -4*j + 4*v - 64. List the prime factors of j.
2, 5
Let c = -117 + 209. What are the prime factors of c?
2, 23
Let r(b) = -12*b - 44. What are the prime factors of r(-15)?
2, 17
Let i(w) = 9*w - 1. Suppose 1 = 3*f - 2*f - 2*j, -3*j = -5*f + 5. What are the prime factors of i(f)?
2
Let i = -144 + 375. What are the prime factors of i?
3, 7, 11
Suppose 3*h + 0*q - 5*q - 6 = 0, -3*h - q + 6 = 0. Suppose -h*a + 3*a - 10 = 0. What are the prime factors of a?
2, 5
Suppose -4*d - 2*r + 114 = 0, -2*d - 2*d + 111 = r. List the prime factors of d.
3
Let b(i) be the second derivative of -i**3/6 - 3*i. Let o be b(-3). Suppose -3*r - 3 = 0, j = -o*j - 3*r + 21. List the prime factors of j.
2, 3
Let r(g) = -89*g - 2. List the prime factors of r(-1).
3, 29
Let f = -4 - -3. Let j be f + 2 - (-1 + -33). Let g = j - 23. What are the prime factors of g?
2, 3
Let v be ((-16)/6 - -3)*42. Suppose 48 = h + v. What are the prime factors of h?
2, 17
Let a be (-1 - (0 + -2)) + 1. What are the prime factors of (16/(-10))/(a/(-10))?
2
Let i(h) = 37*h**2 + h + 1. Let m(k) = k - 18. Let o be m(17). List the prime factors of i(o).
37
Let u(h) be the third derivative of -h**2 + 1/4*h**4 + 0*h + 0 - 1/60*h**5 + 5/3*h**3. List the prime factors of u(7).
3
Let k(u) = u**3 - u + 28. Let g be k(0). Let t = g + -5. What are the prime factors of t?
23
Suppose -56 = -t - 0*t. List the prime factors of t.
2, 7
Suppose 4*y - d = 17, 26 = 6*y - 2*y + 2*d. Suppose -p + 15 - y = 0. List the prime factors of p.
2, 5
Let r = 25 + -9. Suppose 0 = 5*p - p - r. What are the prime factors of p?
2
Let n be (-24)/(-10)*5/2. Suppose n = 2*p - 0. List the prime factors of p.
3
Suppose 3*m - 20 = -m. Suppose 3*t - m*o = -t + 18, 2*t = -5*o - 6. What are the prime factors of t?
2
Suppose 0 = 5*p - 0*p. Suppose p*o = o + 19. Let l = -5 - o. List the prime factors of l.
2, 7
Let x(r) = -2*r + 3. Let v be x(3). Let u = 6 + v. List the prime factors of u.
3
Suppose 4*z = 4*o - 9*o + 22, 0 = -5*o - 10. Suppose -t - 4 = -z. Let d = 16 - t. List the prime factors of d.
2, 3
Suppose 0 = -5*j - 25, 0 = h - 0*j + j + 2. Suppose -36 = -h*c - 5*o, 0 = c + 2*o - 7 - 5. What are the prime factors of c?
2, 3
What are the prime factors of 1435/25 + 12/(-30)?
3, 19
Suppose 20*v + 2*v = 2046. What are the prime factors of v?
3, 31
Suppose m = -4*k + 9, 3*m - 8*k + 24 = -3*k. Let h be 21 + m/(3/2). Let z = h + -8. What are the prime factors of z?
11
Suppose 2*h - 4*x = 8, 0 = 4*h - 2*x - x - 36. Suppose c + c = h. List the prime factors of c.
2, 3
Let k be -3*(-2)/2 + -9. What are the prime factors of 2/k + (-120)/(-9)?
13
Let l(a) be the third derivative of -a**5/60 + 11*a**4/24 - 3*a**3/2 - a**2. Suppose q + 20 = 2*v, -4*q = -2*q + 4. List the prime factors of l(v).
3
Let v(x) = x**2 - 3*x + 206. List the prime factors of v(0).
2, 103
Let b(k) = -k**3 - 16*k**2 + 13*k + 11. List the prime factors of b(-17).
79
Let o = -173 + 261. List the prime factors of o.
2, 11
Suppose -5 = z - l + 3, 3*z + 28 = -l. Let u(d) = -d**3 - 8*d**2 + 9*d + 12. What are the prime factors of u(z)?
2, 3
Let f be ((-1)/(-2))/((-1)/(-84)). Let x = f + -29. List the prime factors of x.
13
Let i be 0 + -1 + 6*1. Suppose -2*w + 2 = -w. Let s = i - w. What are the prime factors of s?
3
Let f(k) be the third derivative of -k**5/60 - 7*k**4/24 - k**3/3 + k**2. Let g(o) = o**2 + 7*o - 5. Let r be g(-7). List the prime factors of f(r).
2
Let z = 5 - 8. What are the prime factors of (1 - (2 + z)) + 2?
2
Suppose 4*h + 28 = 2*v, 0*v + 3*v = -h + 7. Let q(p) = p**2 + 3 - 4 - 5*p + 7. List the prime factors of q(v).
2
Let r be 17 + (-1)/((-3)/(-6)). Let l = 11 + -5. Suppose -l*c + c = -r. What are the prime factors of c?
3
Let q be (-2)/(-3) + (-238)/(-3). Suppose 15 = -5*w + q. List the prime factors of w.
13
Let c = 158 + -13. List the prime factors of c.
5, 29
What are the prime factors of 945/25 - 1/(-5)?
2, 19
What are the prime factors of (-4)/14 - (-5814)/63?
2, 23
Let b be -33*-1*3/9. List the prime factors of -2*(2 - 3) + b.
13
Let b(r) = 6*r - 1. Suppose 0 = -y + 4*f - 15, 16 = -5*y - 4*f + 37. Let p be b(y). Let q(x) = x**2 - x - 7. List the prime factors of q(p).
13
Let k be 4 + -1 - 1 - 2. Suppose z - 34 = -2*b, k = 4*z - 0*b + b - 101. What are the prime factors of z?
2, 3
Let l be (-5)/((-15)/(-144))*2. List the prime factors of (l/(-9))/((-3)/(-9)).
2
Let n be (-4)/8*35*-2. Suppose 4*o = f - 2*f + 14, 2*f = -5*o + 16. Suppose -n = -b - o*b. What are the prime factors of b?
7
Let v(o) = o**3 - 7*o**2 + 6*o - 3. Let f be v(6). List the prime factors of 1 - (2 + f) - -18.
2, 5
Let c = 27 - 16. Suppose c = 2*a + 1. Suppose -5*d + 4 = 3*k + 2, -d = a. List the prime factors of k.
3
Let u(f) be the third derivative of -f**5/60 + f**4/6 + 5*f**3/6 - 11*f**2. Let g = 1 + 3. List the prime factors of u(g).
5
Let c(s) = 3*s - 2. What are the prime factors of c(6)?
2
Let n(q) = 2*q**2 + 2 + 3*q - q + 1. What are the prime factors of n(3)?
3
Let k(u) = 8*u**2 - 5*u. Let j be k(-5). What are the prime factors of 2/(-6) + j/27?
2
Let l = -2 + -8. List the prime factors of 107/7 + l/35.
3, 5
Let g = -24 - -50. What are the prime factors of g?
2, 13
Let i be (18 + 0)*(-2)/(-4). Let n = i - -15. List the prime factors of n.
2, 3
Let q(v) = -v**3 - 7*v**2 - 7*v + 2. Let n be q(-7). Suppose 0 = 9*u - 12*u + n. List the prime factors of u.
17
What are the prime factors of 33/((12/(-8))/(-3))?
2, 3, 11
Let l(o) = o + 3. Let g be l(12). Suppose -4*c - c = -g. List the prime factors of c.
3
Suppose 4*g = 8*g. Let b(m) = 4*m**2 - 3*m - 2. Let u be b(-1). Suppose 2*q - 4*z + u*z = 9, -3*q + 5*z + 20 = g. List the prime factors of q.
5
Suppose 0*t + 4*t = 36. Let u = t + -22. Let m = 25 + u. What are the prime factors of m?
2, 3
Let s = -193 + 475. What are the prime factors of s?
2, 3, 47
Let j = -2 - -10. Suppose 0 = 5*o - 3*b - 30, -3*o = -2*o - b - j. Suppose 8*n - o*n = 25. List the prime factors of n.
5
Suppose 0 = -3*t - t + 140. Let o = 60 - t. List the prime factors of o.
5
Suppose m = 2*m - 2. Suppose 42 = -m*v - 2*p, 4*v + p + 85 = -2*p. List the prime factors of ((-4)/(-2))/((-4)/v).
11
Suppose -2*u = 1 - 5. Let d = u - -7. What are the prime factors of d?
3
Suppose -2*z = -j - j + 188, -z - 189 = -2*j. Suppose 135 = 4*a + h + 2*h, -h + j = 3*a. List the prime factors of a.
2, 3, 5
Suppose -3 = -3*q + 9. List the prime factors of 32/24*30/q.
2, 5
Let o be 4/(-10) - 84/(-35). Let f = o + 0. List the prime factors of f.
2
Let j = -14 + 16. List the prime factors of j.
2
Suppose 5*i - 304 = 106. What are the prime factors of i?
2, 41
Let u(p) = 2*p + 5. List the prime factors of u(4).
13
Let b = 56 - 38. What are the prime factors of b?
2, 3
Let y be (-12)/(-42) + 74/(-14). List the prime factors of (-10)/(-25) + (-33)/y.
7
Let j = 645 + -429. What are the prime factors of j?
2, 3
Let k(j) = j**3 + 7*j**2 + 2*j + 7. What are the prime factors of k(-5)?
47
Let k(w) = w**3 - 4*w**2 - 5*w. Let a be k(5). Suppose 0 = 5*d - a*d - 30. What are the prime factors of d?
2, 3
Suppose 0 = v + 1 - 8. Suppose 0 = 2*b - 5*r - 0*r - 97, 320 = 5*b + 3*r. Suppose v*z + 4*o - 103 = 2*z, -3*z - 2*o = -b. What are the prime factors of z?
19
Suppose -3*i = -5*x - i + 22, 5*x + 4*i - 46 = 0. What are the prime factors of x?
2, 3
Suppose 0 = -j - j + 10. Suppose 2*c - j*b = 11 + 76, 4*c = 3*b + 139. List the prime factors of c.
31
Suppose -41*r - 190 = -43*r. What are the prime factors of r?
5, 19
Let k(r) be the third derivative of -1/8*r**4 - 7/6*r**3 - 2*r**2 + 0*r + 0 + 1/60*r**5. List the prime factors of k(6).
11
Let i be 2/12*-2*9. What are the prime factors of (-8)/i*(-5 + 8)?
2
Let q(x) = x + 2. Let w be q(0). Suppose -4 = w*p, -c = -5*p - 12 - 11. What are the prime factors of c?
13
Let g(u) = -u**3 - 5*u**2 + 3*u + 3. Let w be g(-4). Let